{"id":16,"date":"2025-10-10T06:56:30","date_gmt":"2025-10-10T06:56:30","guid":{"rendered":"https:\/\/piffit.ext.lifeisahighway.se\/?page_id=16"},"modified":"2025-11-01T13:31:24","modified_gmt":"2025-11-01T13:31:24","slug":"hem","status":"publish","type":"page","link":"https:\/\/piffit.ext.lifeisahighway.se\/","title":{"rendered":"Hem"},"content":{"rendered":"\t\t<div data-elementor-type=\"wp-page\" data-elementor-id=\"16\" class=\"elementor elementor-16\" data-elementor-post-type=\"page\">\n\t\t\t\t<div class=\"elementor-element elementor-element-6ab2abf e-flex e-con-boxed e-con e-parent\" data-id=\"6ab2abf\" data-element_type=\"container\" data-settings=\"{&quot;background_background&quot;:&quot;classic&quot;}\">\n\t\t\t\t\t<div class=\"e-con-inner\">\n\t\t\t\t<div class=\"elementor-element elementor-element-b59eaa4 elementor-widget elementor-widget-heading\" data-id=\"b59eaa4\" data-element_type=\"widget\" data-widget_type=\"heading.default\">\n\t\t\t\t\t<h6 class=\"elementor-heading-title elementor-size-default\">V\u00e4lkommen till Salong Piffit<\/h6>\t\t\t\t<\/div>\n\t\t\t\t<div class=\"elementor-element elementor-element-17e1c99 elementor-widget__width-initial elementor-widget elementor-widget-heading\" data-id=\"17e1c99\" data-element_type=\"widget\" data-widget_type=\"heading.default\">\n\t\t\t\t\t<h1 class=\"elementor-heading-title elementor-size-default\">Omtanke som m\u00e4rks.\n\nSk\u00f6nhet med kvalitet.\n\nDin tid f\u00f6r ro och balans.\n\nNaturlig elegans \u2013 varje dag.\n\nPerfektion fr\u00e5n fot till fingertopp.se.<\/h1>\t\t\t\t<\/div>\n\t\t\t\t<div class=\"elementor-element elementor-element-d382826 elementor-widget__width-auto elementor-align-right elementor-widget elementor-widget-button\" data-id=\"d382826\" data-element_type=\"widget\" data-widget_type=\"button.default\">\n\t\t\t\t\t\t\t\t\t\t<a class=\"elementor-button elementor-button-link elementor-size-sm\" href=\"#\">\n\t\t\t\t\t\t<span class=\"elementor-button-content-wrapper\">\n\t\t\t\t\t\t\t\t\t<span class=\"elementor-button-text\">Boka tid nu<\/span>\n\t\t\t\t\t<\/span>\n\t\t\t\t\t<\/a>\n\t\t\t\t\t\t\t\t<\/div>\n\t\t\t\t\t<\/div>\n\t\t\t\t<\/div>\n\t\t<div class=\"elementor-element elementor-element-405c8b0 e-flex e-con-boxed e-con e-parent\" data-id=\"405c8b0\" data-element_type=\"container\" data-settings=\"{&quot;background_background&quot;:&quot;classic&quot;}\">\n\t\t\t\t\t<div class=\"e-con-inner\">\n\t\t<div class=\"elementor-element elementor-element-c510d93 e-con-full e-flex e-con e-child\" data-id=\"c510d93\" data-element_type=\"container\">\n\t\t\t\t<div class=\"elementor-element elementor-element-c1b8148 elementor-widget elementor-widget-image\" data-id=\"c1b8148\" data-element_type=\"widget\" data-widget_type=\"image.default\">\n\t\t\t\t\t\t\t\t\t\t\t\t\t\t\t<img fetchpriority=\"high\" decoding=\"async\" width=\"800\" height=\"800\" src=\"https:\/\/piffit.ext.lifeisahighway.se\/wp-content\/uploads\/2025\/10\/wireframe-img-1-e1708013680578-1-1024x1024.png\" class=\"attachment-large size-large wp-image-28\" alt=\"\" srcset=\"https:\/\/piffit.ext.lifeisahighway.se\/wp-content\/uploads\/2025\/10\/wireframe-img-1-e1708013680578-1-1024x1024.png 1024w, https:\/\/piffit.ext.lifeisahighway.se\/wp-content\/uploads\/2025\/10\/wireframe-img-1-e1708013680578-1-300x300.png 300w, https:\/\/piffit.ext.lifeisahighway.se\/wp-content\/uploads\/2025\/10\/wireframe-img-1-e1708013680578-1-150x150.png 150w, https:\/\/piffit.ext.lifeisahighway.se\/wp-content\/uploads\/2025\/10\/wireframe-img-1-e1708013680578-1-768x767.png 768w, https:\/\/piffit.ext.lifeisahighway.se\/wp-content\/uploads\/2025\/10\/wireframe-img-1-e1708013680578-1.png 1081w\" sizes=\"(max-width: 800px) 100vw, 800px\" \/>\t\t\t\t\t\t\t\t\t\t\t\t\t\t\t<\/div>\n\t\t\t\t<\/div>\n\t\t<div class=\"elementor-element elementor-element-888ddd1 e-con-full e-flex e-con e-child\" data-id=\"888ddd1\" data-element_type=\"container\">\n\t\t\t\t<div class=\"elementor-element elementor-element-523c0a3 elementor-widget elementor-widget-heading\" data-id=\"523c0a3\" data-element_type=\"widget\" data-widget_type=\"heading.default\">\n\t\t\t\t\t<h2 class=\"elementor-heading-title elementor-size-default\">V\u00e5ra Tj\u00e4nster<\/h2>\t\t\t\t<\/div>\n\t\t\t\t<div class=\"elementor-element elementor-element-e525d67 elementor-widget elementor-widget-text-editor\" data-id=\"e525d67\" data-element_type=\"widget\" data-widget_type=\"text-editor.default\">\n\t\t\t\t\t\t\t\t\t<p>Vi erbjuder noggrant utvalda behandlingar f\u00f6r naglar och f\u00f6tter, designade f\u00f6r att ge dig en stunds avkoppling och ett vackert resultat. V\u00e5rt m\u00e5l \u00e4r att skapa en trevlig upplevelse f\u00f6r varje kund och att fr\u00e4mja sk\u00f6nhet och v\u00e4lm\u00e5ende.<\/p><p>Oavsett om du s\u00f6ker en nagelf\u00f6rl\u00e4ngning, manikyr eller pedikyr, har vi n\u00e5got f\u00f6r alla. V\u00e5r erfarna personal st\u00e5r redo att ge dig den omv\u00e5rdnad och uppm\u00e4rksamhet du f\u00f6rtj\u00e4nar.<\/p>\t\t\t\t\t\t\t\t<\/div>\n\t\t\t\t<\/div>\n\t\t\t\t\t<\/div>\n\t\t\t\t<\/div>\n\t\t<div class=\"elementor-element elementor-element-1c0f94b e-flex e-con-boxed e-con e-parent\" data-id=\"1c0f94b\" data-element_type=\"container\" data-settings=\"{&quot;background_background&quot;:&quot;classic&quot;}\">\n\t\t\t\t\t<div class=\"e-con-inner\">\n\t\t<div class=\"elementor-element elementor-element-988dd3f e-flex e-con-boxed e-con e-child\" data-id=\"988dd3f\" data-element_type=\"container\">\n\t\t\t\t\t<div class=\"e-con-inner\">\n\t\t\t\t<div class=\"elementor-element elementor-element-f166c4e elementor-widget elementor-widget-heading\" data-id=\"f166c4e\" data-element_type=\"widget\" data-widget_type=\"heading.default\">\n\t\t\t\t\t<h4 class=\"elementor-heading-title elementor-size-default\">Boka din tid idag och njut av v\u00e5ra tj\u00e4nster<\/h4>\t\t\t\t<\/div>\n\t\t\t\t<div class=\"elementor-element elementor-element-4646ff5 elementor-widget__width-auto elementor-align-right elementor-widget elementor-widget-button\" data-id=\"4646ff5\" data-element_type=\"widget\" data-widget_type=\"button.default\">\n\t\t\t\t\t\t\t\t\t\t<a class=\"elementor-button elementor-button-link elementor-size-sm\" href=\"#\">\n\t\t\t\t\t\t<span class=\"elementor-button-content-wrapper\">\n\t\t\t\t\t\t\t\t\t<span class=\"elementor-button-text\">Boka nu<\/span>\n\t\t\t\t\t<\/span>\n\t\t\t\t\t<\/a>\n\t\t\t\t\t\t\t\t<\/div>\n\t\t\t\t\t<\/div>\n\t\t\t\t<\/div>\n\t\t\t\t\t<\/div>\n\t\t\t\t<\/div>\n\t\t<div class=\"elementor-element elementor-element-4322460 e-flex e-con-boxed e-con e-parent\" data-id=\"4322460\" data-element_type=\"container\">\n\t\t\t\t\t<div class=\"e-con-inner\">\n\t\t<div class=\"elementor-element elementor-element-f3067d7 e-con-full e-flex e-con e-child\" data-id=\"f3067d7\" data-element_type=\"container\">\n\t\t\t\t<div class=\"elementor-element elementor-element-523c01c elementor-widget elementor-widget-heading\" data-id=\"523c01c\" data-element_type=\"widget\" data-widget_type=\"heading.default\">\n\t\t\t\t\t<h2 class=\"elementor-heading-title elementor-size-default\">Kundomd\u00f6men<\/h2>\t\t\t\t<\/div>\n\t\t\t\t<\/div>\n\t\t<div class=\"elementor-element elementor-element-a3ff340 e-con-full e-flex e-con e-child\" data-id=\"a3ff340\" data-element_type=\"container\">\n\t\t<div class=\"elementor-element elementor-element-7c8bd31 e-con-full e-flex e-con e-child\" data-id=\"7c8bd31\" data-element_type=\"container\">\n\t\t\t\t<div class=\"elementor-element elementor-element-e9ae9a6 elementor--star-style-star_unicode elementor-star-rating--align-left elementor-widget elementor-widget-star-rating\" data-id=\"e9ae9a6\" data-element_type=\"widget\" data-widget_type=\"star-rating.default\">\n\t\t\t\t\t\n\t\t<div class=\"elementor-star-rating__wrapper\">\n\t\t\t\t\t\t<div class=\"elementor-star-rating\" title=\"5\/5\" itemtype=\"http:\/\/schema.org\/Rating\" itemscope=\"\" itemprop=\"reviewRating\"><i class=\"elementor-star-full\">&#9733;<\/i><i class=\"elementor-star-full\">&#9733;<\/i><i class=\"elementor-star-full\">&#9733;<\/i><i class=\"elementor-star-full\">&#9733;<\/i><i class=\"elementor-star-full\">&#9733;<\/i> <span itemprop=\"ratingValue\" class=\"elementor-screen-only\">5\/5<\/span><\/div>\t\t<\/div>\n\t\t\t\t\t\t<\/div>\n\t\t\t\t<div class=\"elementor-element elementor-element-472e6ba elementor-blockquote--skin-ren elementor-widget elementor-widget-blockquote\" data-id=\"472e6ba\" data-element_type=\"widget\" data-widget_type=\"blockquote.default\">\n\t\t\t\t\t\t\t<blockquote class=\"elementor-blockquote\">\n\t\t\t<p class=\"elementor-blockquote__content\">\n\t\t\t\tAtt g\u00e5 till Linda f\u00e5 naglarna gjorda \u00e4r verkligen egen tid i kombination med terapi. Hon \u00e4r s\u00e5 extremt duktig p\u00e5 det hon g\u00f6r, jag litar bara p\u00e5 henne n\u00e4r det kommer till mina naglar. Det finns verkligen ingen som Linda, hon \u00e4r b\u00e4st helt enkelt \ud83e\udd0d\t\t\t<\/p>\n\t\t\t\t\t\t\t<div class=\"e-q-footer\">\n\t\t\t\t\t\t\t\t\t\t\t<cite class=\"elementor-blockquote__author\">Veronica<\/cite>\n\t\t\t\t\t\t\t\t\t\t\t\t\t\t<\/div>\n\t\t\t\t\t<\/blockquote>\n\t\t\t\t\t\t<\/div>\n\t\t\t\t<\/div>\n\t\t<div class=\"elementor-element elementor-element-0990b74 e-con-full e-flex e-con e-child\" data-id=\"0990b74\" data-element_type=\"container\">\n\t\t\t\t<div class=\"elementor-element elementor-element-d2ca393 elementor--star-style-star_unicode elementor-star-rating--align-left elementor-widget elementor-widget-star-rating\" data-id=\"d2ca393\" data-element_type=\"widget\" data-widget_type=\"star-rating.default\">\n\t\t\t\t\t\n\t\t<div class=\"elementor-star-rating__wrapper\">\n\t\t\t\t\t\t<div class=\"elementor-star-rating\" title=\"5\/5\" itemtype=\"http:\/\/schema.org\/Rating\" itemscope=\"\" itemprop=\"reviewRating\"><i class=\"elementor-star-full\">&#9733;<\/i><i class=\"elementor-star-full\">&#9733;<\/i><i class=\"elementor-star-full\">&#9733;<\/i><i class=\"elementor-star-full\">&#9733;<\/i><i class=\"elementor-star-full\">&#9733;<\/i> <span itemprop=\"ratingValue\" class=\"elementor-screen-only\">5\/5<\/span><\/div>\t\t<\/div>\n\t\t\t\t\t\t<\/div>\n\t\t\t\t<div class=\"elementor-element elementor-element-f2e48c5 elementor-blockquote--skin-ren elementor-widget elementor-widget-blockquote\" data-id=\"f2e48c5\" data-element_type=\"widget\" data-widget_type=\"blockquote.default\">\n\t\t\t\t\t\t\t<blockquote class=\"elementor-blockquote\">\n\t\t\t<p class=\"elementor-blockquote__content\">\n\t\t\t\tJag har f\u00e5tt medicinsk fotv\u00e5rd flera g\u00e5nger och \u00e4r v\u00e4ldigt n\u00f6jd med bem\u00f6tande, utf\u00f6randet och r\u00e5den jag f\u00e5tt om hur jag ska sk\u00f6ta om mina f\u00f6tter samt r\u00e5d om skoink\u00f6p. Mina f\u00f6tter har blivit mycket b\u00e4ttre.\t\t\t<\/p>\n\t\t\t\t\t\t\t<div class=\"e-q-footer\">\n\t\t\t\t\t\t\t\t\t\t\t<cite class=\"elementor-blockquote__author\">Maria S<\/cite>\n\t\t\t\t\t\t\t\t\t\t\t\t\t\t<\/div>\n\t\t\t\t\t<\/blockquote>\n\t\t\t\t\t\t<\/div>\n\t\t\t\t<\/div>\n\t\t\t\t<\/div>\n\t\t\t\t\t<\/div>\n\t\t\t\t<\/div>\n\t\t<div class=\"elementor-element elementor-element-c0debf6 e-flex e-con-boxed e-con e-parent\" data-id=\"c0debf6\" data-element_type=\"container\">\n\t\t\t\t\t<div class=\"e-con-inner\">\n\t\t<div class=\"elementor-element elementor-element-40b803b e-flex e-con-boxed e-con e-child\" data-id=\"40b803b\" data-element_type=\"container\">\n\t\t\t\t\t<div class=\"e-con-inner\">\n\t\t\t\t<div class=\"elementor-element elementor-element-c7e74de elementor-widget-mobile__width-initial elementor-widget elementor-widget-image\" data-id=\"c7e74de\" data-element_type=\"widget\" data-widget_type=\"image.default\">\n\t\t\t\t\t\t\t\t\t\t\t\t\t\t\t<img decoding=\"async\" width=\"800\" height=\"450\" src=\"https:\/\/piffit.ext.lifeisahighway.se\/wp-content\/uploads\/2025\/10\/wireframe-img-1024x576.png\" class=\"attachment-large size-large wp-image-26\" alt=\"\" srcset=\"https:\/\/piffit.ext.lifeisahighway.se\/wp-content\/uploads\/2025\/10\/wireframe-img-1024x576.png 1024w, https:\/\/piffit.ext.lifeisahighway.se\/wp-content\/uploads\/2025\/10\/wireframe-img-300x169.png 300w, https:\/\/piffit.ext.lifeisahighway.se\/wp-content\/uploads\/2025\/10\/wireframe-img-768x432.png 768w, https:\/\/piffit.ext.lifeisahighway.se\/wp-content\/uploads\/2025\/10\/wireframe-img-1536x864.png 1536w, https:\/\/piffit.ext.lifeisahighway.se\/wp-content\/uploads\/2025\/10\/wireframe-img.png 1920w\" sizes=\"(max-width: 800px) 100vw, 800px\" \/>\t\t\t\t\t\t\t\t\t\t\t\t\t\t\t<\/div>\n\t\t\t\t<div class=\"elementor-element elementor-element-e29adf6 elementor-widget-mobile__width-initial elementor-widget elementor-widget-image\" data-id=\"e29adf6\" data-element_type=\"widget\" data-widget_type=\"image.default\">\n\t\t\t\t\t\t\t\t\t\t\t\t\t\t\t<img decoding=\"async\" width=\"800\" height=\"450\" src=\"https:\/\/piffit.ext.lifeisahighway.se\/wp-content\/uploads\/2025\/10\/wireframe-img-1024x576.png\" class=\"attachment-large size-large wp-image-26\" alt=\"\" srcset=\"https:\/\/piffit.ext.lifeisahighway.se\/wp-content\/uploads\/2025\/10\/wireframe-img-1024x576.png 1024w, https:\/\/piffit.ext.lifeisahighway.se\/wp-content\/uploads\/2025\/10\/wireframe-img-300x169.png 300w, https:\/\/piffit.ext.lifeisahighway.se\/wp-content\/uploads\/2025\/10\/wireframe-img-768x432.png 768w, https:\/\/piffit.ext.lifeisahighway.se\/wp-content\/uploads\/2025\/10\/wireframe-img-1536x864.png 1536w, https:\/\/piffit.ext.lifeisahighway.se\/wp-content\/uploads\/2025\/10\/wireframe-img.png 1920w\" sizes=\"(max-width: 800px) 100vw, 800px\" \/>\t\t\t\t\t\t\t\t\t\t\t\t\t\t\t<\/div>\n\t\t\t\t\t<\/div>\n\t\t\t\t<\/div>\n\t\t<div class=\"elementor-element elementor-element-d3cb95a e-con-full e-flex e-con e-child\" data-id=\"d3cb95a\" data-element_type=\"container\">\n\t\t\t\t<div class=\"elementor-element elementor-element-f7688f3 elementor-widget elementor-widget-heading\" data-id=\"f7688f3\" data-element_type=\"widget\" data-widget_type=\"heading.default\">\n\t\t\t\t\t<h1 class=\"elementor-heading-title elementor-size-default\">Om<\/h1>\t\t\t\t<\/div>\n\t\t\t\t<div class=\"elementor-element elementor-element-e96b4e3 elementor-widget elementor-widget-text-editor\" data-id=\"e96b4e3\" data-element_type=\"widget\" data-widget_type=\"text-editor.default\">\n\t\t\t\t\t\t\t\t\t<p data-start=\"232\" data-end=\"566\">P\u00e5 Salong Piffit i Falk\u00f6ping st\u00e5r ditt v\u00e4lbefinnande i centrum.<\/p><h1 class=\"elementor-heading-title elementor-size-default elementor-inline-editing pen\" contenteditable=\"true\" data-elementor-setting-key=\"title\" data-pen-placeholder=\"Skriv h\u00e4r...\">\u00a0<\/h1><p data-start=\"232\" data-end=\"566\">H\u00e4r m\u00f6ts du av en lugn och personlig atmosf\u00e4r d\u00e4r varje behandling utf\u00f6rs med omtanke, kunskap och k\u00e4nsla f\u00f6r detaljer.<br data-start=\"415\" data-end=\"418\" \/>Vi erbjuder medicinsk fotv\u00e5rd, sk\u00f6nhetsbehandlingar, nagelv\u00e5rd och h\u00e5rborttagning \u2013 allt f\u00f6r att du ska k\u00e4nna dig omh\u00e4ndertagen fr\u00e5n topp till t\u00e5.<\/p><p data-start=\"568\" data-end=\"786\">V\u00e5r ambition \u00e4r att varje bes\u00f6k ska ge b\u00e5de ny energi och en stunds avkoppling i en trivsam milj\u00f6. Hos Salong Piffit handlar det inte bara om behandlingar \u2013 utan om att du ska m\u00e5 bra, b\u00e5de under och efter ditt bes\u00f6k.<\/p><h1 class=\"elementor-heading-title elementor-size-default elementor-inline-editing pen\" contenteditable=\"true\" data-elementor-setting-key=\"title\" data-pen-placeholder=\"Skriv h\u00e4r...\">\u200b<\/h1>\t\t\t\t\t\t\t\t<\/div>\n\t\t\t\t<div class=\"elementor-element elementor-element-01ebae3 elementor-position-left elementor-view-default elementor-mobile-position-top elementor-widget elementor-widget-icon-box\" data-id=\"01ebae3\" data-element_type=\"widget\" data-widget_type=\"icon-box.default\">\n\t\t\t\t\t\t\t<div class=\"elementor-icon-box-wrapper\">\n\n\t\t\t\t\t\t<div class=\"elementor-icon-box-icon\">\n\t\t\t\t<span  class=\"elementor-icon\">\n\t\t\t\t<svg aria-hidden=\"true\" class=\"e-font-icon-svg e-fas-star\" viewBox=\"0 0 576 512\" xmlns=\"http:\/\/www.w3.org\/2000\/svg\"><path d=\"M259.3 17.8L194 150.2 47.9 171.5c-26.2 3.8-36.7 36.1-17.7 54.6l105.7 103-25 145.5c-4.5 26.3 23.2 46 46.4 33.7L288 439.6l130.7 68.7c23.2 12.2 50.9-7.4 46.4-33.7l-25-145.5 105.7-103c19-18.5 8.5-50.8-17.7-54.6L382 150.2 316.7 17.8c-11.7-23.6-45.6-23.9-57.4 0z\"><\/path><\/svg>\t\t\t\t<\/span>\n\t\t\t<\/div>\n\t\t\t\n\t\t\t\t\t\t<div class=\"elementor-icon-box-content\">\n\n\t\t\t\t\t\t\t\t\t<h3 class=\"elementor-icon-box-title\">\n\t\t\t\t\t\t<span  >\n\t\t\t\t\t\t\tV\u00e5r vision\t\t\t\t\t\t<\/span>\n\t\t\t\t\t<\/h3>\n\t\t\t\t\n\t\t\t\t\t\t\t\t\t<p class=\"elementor-icon-box-description\">\n\t\t\t\t\t\tVi tror p\u00e5 att sk\u00f6nhet kommer inifr\u00e5n. V\u00e5r vision \u00e4r att erbjuda en trygg och avkopplande milj\u00f6 d\u00e4r du kan sk\u00e4mma bort dig sj\u00e4lv och k\u00e4nna dig vacker.\t\t\t\t\t<\/p>\n\t\t\t\t\n\t\t\t<\/div>\n\t\t\t\n\t\t<\/div>\n\t\t\t\t\t\t<\/div>\n\t\t\t\t<div class=\"elementor-element elementor-element-5ad46bb elementor-position-left elementor-view-default elementor-mobile-position-top elementor-widget elementor-widget-icon-box\" data-id=\"5ad46bb\" data-element_type=\"widget\" data-widget_type=\"icon-box.default\">\n\t\t\t\t\t\t\t<div class=\"elementor-icon-box-wrapper\">\n\n\t\t\t\t\t\t<div class=\"elementor-icon-box-icon\">\n\t\t\t\t<span  class=\"elementor-icon\">\n\t\t\t\t<svg aria-hidden=\"true\" class=\"e-font-icon-svg e-fas-star\" viewBox=\"0 0 576 512\" xmlns=\"http:\/\/www.w3.org\/2000\/svg\"><path d=\"M259.3 17.8L194 150.2 47.9 171.5c-26.2 3.8-36.7 36.1-17.7 54.6l105.7 103-25 145.5c-4.5 26.3 23.2 46 46.4 33.7L288 439.6l130.7 68.7c23.2 12.2 50.9-7.4 46.4-33.7l-25-145.5 105.7-103c19-18.5 8.5-50.8-17.7-54.6L382 150.2 316.7 17.8c-11.7-23.6-45.6-23.9-57.4 0z\"><\/path><\/svg>\t\t\t\t<\/span>\n\t\t\t<\/div>\n\t\t\t\n\t\t\t\t\t\t<div class=\"elementor-icon-box-content\">\n\n\t\t\t\t\t\t\t\t\t<h3 class=\"elementor-icon-box-title\">\n\t\t\t\t\t\t<span  >\n\t\t\t\t\t\t\tV\u00e5ra v\u00e4rderingar\t\t\t\t\t\t<\/span>\n\t\t\t\t\t<\/h3>\n\t\t\t\t\n\t\t\t\t\t\t\t\t\t<p class=\"elementor-icon-box-description\">\n\t\t\t\t\t\tV\u00e5ra v\u00e4rderingar grundar sig i kundfokus, kvalitet och omtanke. Vi str\u00e4var efter att ge varje kund en unik upplevelse och vi lyssnar alltid p\u00e5 dina behov.  \t\t\t\t\t<\/p>\n\t\t\t\t\n\t\t\t<\/div>\n\t\t\t\n\t\t<\/div>\n\t\t\t\t\t\t<\/div>\n\t\t\t\t<\/div>\n\t\t\t\t\t<\/div>\n\t\t\t\t<\/div>\n\t\t<div class=\"elementor-element elementor-element-cfafeec e-flex e-con-boxed e-con e-parent\" data-id=\"cfafeec\" data-element_type=\"container\">\n\t\t\t\t\t<div class=\"e-con-inner\">\n\t\t<div class=\"elementor-element elementor-element-585f09b e-con-full e-flex e-con e-child\" data-id=\"585f09b\" data-element_type=\"container\">\n\t\t\t\t<div class=\"elementor-element elementor-element-2dd1dd6 elementor-widget elementor-widget-heading\" data-id=\"2dd1dd6\" data-element_type=\"widget\" data-widget_type=\"heading.default\">\n\t\t\t\t\t<h2 class=\"elementor-heading-title elementor-size-default\">Tagline<\/h2>\t\t\t\t<\/div>\n\t\t\t\t<div class=\"elementor-element elementor-element-9f1fc2b elementor-widget elementor-widget-heading\" data-id=\"9f1fc2b\" data-element_type=\"widget\" data-widget_type=\"heading.default\">\n\t\t\t\t\t<h2 class=\"elementor-heading-title elementor-size-default\">Kontakt<\/h2>\t\t\t\t<\/div>\n\t\t\t\t<\/div>\n\t\t<div class=\"elementor-element elementor-element-6c09f56 e-con-full e-flex e-con e-child\" data-id=\"6c09f56\" data-element_type=\"container\">\n\t\t\t\t<div class=\"elementor-element elementor-element-7e26373 elementor-position-left elementor-view-default elementor-mobile-position-top elementor-widget elementor-widget-icon-box\" data-id=\"7e26373\" data-element_type=\"widget\" data-widget_type=\"icon-box.default\">\n\t\t\t\t\t\t\t<div class=\"elementor-icon-box-wrapper\">\n\n\t\t\t\t\t\t<div class=\"elementor-icon-box-icon\">\n\t\t\t\t<span  class=\"elementor-icon\">\n\t\t\t\t<svg aria-hidden=\"true\" class=\"e-font-icon-svg e-fas-envelope\" viewBox=\"0 0 512 512\" xmlns=\"http:\/\/www.w3.org\/2000\/svg\"><path d=\"M502.3 190.8c3.9-3.1 9.7-.2 9.7 4.7V400c0 26.5-21.5 48-48 48H48c-26.5 0-48-21.5-48-48V195.6c0-5 5.7-7.8 9.7-4.7 22.4 17.4 52.1 39.5 154.1 113.6 21.1 15.4 56.7 47.8 92.2 47.6 35.7.3 72-32.8 92.3-47.6 102-74.1 131.6-96.3 154-113.7zM256 320c23.2.4 56.6-29.2 73.4-41.4 132.7-96.3 142.8-104.7 173.4-128.7 5.8-4.5 9.2-11.5 9.2-18.9v-19c0-26.5-21.5-48-48-48H48C21.5 64 0 85.5 0 112v19c0 7.4 3.4 14.3 9.2 18.9 30.6 23.9 40.7 32.4 173.4 128.7 16.8 12.2 50.2 41.8 73.4 41.4z\"><\/path><\/svg>\t\t\t\t<\/span>\n\t\t\t<\/div>\n\t\t\t\n\t\t\t\t\t\t<div class=\"elementor-icon-box-content\">\n\n\t\t\t\t\t\t\t\t\t<h3 class=\"elementor-icon-box-title\">\n\t\t\t\t\t\t<span  >\n\t\t\t\t\t\t\tMail\t\t\t\t\t\t<\/span>\n\t\t\t\t\t<\/h3>\n\t\t\t\t\n\t\t\t\t\t\t\t\t\t<p class=\"elementor-icon-box-description\">\n\t\t\t\t\t\tinfo@salongpiffit.se\t\t\t\t\t<\/p>\n\t\t\t\t\n\t\t\t<\/div>\n\t\t\t\n\t\t<\/div>\n\t\t\t\t\t\t<\/div>\n\t\t\t\t<div class=\"elementor-element elementor-element-c80149e elementor-position-left elementor-view-default elementor-mobile-position-top elementor-widget elementor-widget-icon-box\" data-id=\"c80149e\" data-element_type=\"widget\" data-widget_type=\"icon-box.default\">\n\t\t\t\t\t\t\t<div class=\"elementor-icon-box-wrapper\">\n\n\t\t\t\t\t\t<div class=\"elementor-icon-box-icon\">\n\t\t\t\t<a href=\"http:\/\/www.salongpiffit.se\" class=\"elementor-icon\" tabindex=\"-1\" aria-label=\"Telefon\">\n\t\t\t\t<svg aria-hidden=\"true\" class=\"e-font-icon-svg e-fas-phone-alt\" viewBox=\"0 0 512 512\" xmlns=\"http:\/\/www.w3.org\/2000\/svg\"><path d=\"M497.39 361.8l-112-48a24 24 0 0 0-28 6.9l-49.6 60.6A370.66 370.66 0 0 1 130.6 204.11l60.6-49.6a23.94 23.94 0 0 0 6.9-28l-48-112A24.16 24.16 0 0 0 122.6.61l-104 24A24 24 0 0 0 0 48c0 256.5 207.9 464 464 464a24 24 0 0 0 23.4-18.6l24-104a24.29 24.29 0 0 0-14.01-27.6z\"><\/path><\/svg>\t\t\t\t<\/a>\n\t\t\t<\/div>\n\t\t\t\n\t\t\t\t\t\t<div class=\"elementor-icon-box-content\">\n\n\t\t\t\t\t\t\t\t\t<h3 class=\"elementor-icon-box-title\">\n\t\t\t\t\t\t<a href=\"http:\/\/www.salongpiffit.se\" >\n\t\t\t\t\t\t\tTelefon\t\t\t\t\t\t<\/a>\n\t\t\t\t\t<\/h3>\n\t\t\t\t\n\t\t\t\t\t\t\t\t\t<p class=\"elementor-icon-box-description\">\n\t\t\t\t\t\t070-5684045\t\t\t\t\t<\/p>\n\t\t\t\t\n\t\t\t<\/div>\n\t\t\t\n\t\t<\/div>\n\t\t\t\t\t\t<\/div>\n\t\t\t\t<div class=\"elementor-element elementor-element-cf7b872 elementor-position-left elementor-view-default elementor-mobile-position-top elementor-widget elementor-widget-icon-box\" data-id=\"cf7b872\" data-element_type=\"widget\" data-widget_type=\"icon-box.default\">\n\t\t\t\t\t\t\t<div class=\"elementor-icon-box-wrapper\">\n\n\t\t\t\t\t\t<div class=\"elementor-icon-box-icon\">\n\t\t\t\t<span  class=\"elementor-icon\">\n\t\t\t\t<svg aria-hidden=\"true\" class=\"e-font-icon-svg e-fas-map-marker-alt\" viewBox=\"0 0 384 512\" xmlns=\"http:\/\/www.w3.org\/2000\/svg\"><path d=\"M172.268 501.67C26.97 291.031 0 269.413 0 192 0 85.961 85.961 0 192 0s192 85.961 192 192c0 77.413-26.97 99.031-172.268 309.67-9.535 13.774-29.93 13.773-39.464 0zM192 272c44.183 0 80-35.817 80-80s-35.817-80-80-80-80 35.817-80 80 35.817 80 80 80z\"><\/path><\/svg>\t\t\t\t<\/span>\n\t\t\t<\/div>\n\t\t\t\n\t\t\t\t\t\t<div class=\"elementor-icon-box-content\">\n\n\t\t\t\t\t\t\t\t\t<h3 class=\"elementor-icon-box-title\">\n\t\t\t\t\t\t<span  >\n\t\t\t\t\t\t\tBes\u00f6k salongen\t\t\t\t\t\t<\/span>\n\t\t\t\t\t<\/h3>\n\t\t\t\t\n\t\t\t\t\t\t\t\t\t<p class=\"elementor-icon-box-description\">\n\t\t\t\t\t\tStoraTorget 11\n52142 Falk\u00f6ping\t\t\t\t\t<\/p>\n\t\t\t\t\n\t\t\t<\/div>\n\t\t\t\n\t\t<\/div>\n\t\t\t\t\t\t<\/div>\n\t\t\t\t<\/div>\n\t\t\t\t\t<\/div>\n\t\t\t\t<\/div>\n\t\t<div class=\"elementor-element elementor-element-5a1f48c e-flex e-con-boxed e-con e-parent\" data-id=\"5a1f48c\" data-element_type=\"container\">\n\t\t\t\t\t<div class=\"e-con-inner\">\n\t\t\t\t<div class=\"elementor-element elementor-element-281e781 elementor-widget elementor-widget-image\" data-id=\"281e781\" data-element_type=\"widget\" data-widget_type=\"image.default\">\n\t\t\t\t\t\t\t\t\t\t\t\t\t\t\t<img decoding=\"async\" width=\"1920\" height=\"1080\" src=\"https:\/\/piffit.ext.lifeisahighway.se\/wp-content\/uploads\/2025\/10\/placeholder-demo-image-scaled-1.jpg\" class=\"attachment-full size-full wp-image-36\" alt=\"\" srcset=\"https:\/\/piffit.ext.lifeisahighway.se\/wp-content\/uploads\/2025\/10\/placeholder-demo-image-scaled-1.jpg 1920w, https:\/\/piffit.ext.lifeisahighway.se\/wp-content\/uploads\/2025\/10\/placeholder-demo-image-scaled-1-300x169.jpg 300w, https:\/\/piffit.ext.lifeisahighway.se\/wp-content\/uploads\/2025\/10\/placeholder-demo-image-scaled-1-1024x576.jpg 1024w, https:\/\/piffit.ext.lifeisahighway.se\/wp-content\/uploads\/2025\/10\/placeholder-demo-image-scaled-1-768x432.jpg 768w, https:\/\/piffit.ext.lifeisahighway.se\/wp-content\/uploads\/2025\/10\/placeholder-demo-image-scaled-1-1536x864.jpg 1536w\" sizes=\"(max-width: 1920px) 100vw, 1920px\" \/>\t\t\t\t\t\t\t\t\t\t\t\t\t\t\t<\/div>\n\t\t\t\t\t<\/div>\n\t\t\t\t<\/div>\n\t\t\t\t<\/div>\n\t\t","protected":false},"excerpt":{"rendered":"<p>V\u00e4lkommen till Salong Piffit Omtanke som m\u00e4rks. Sk\u00f6nhet med kvalitet. Din tid f\u00f6r ro och balans. Naturlig elegans \u2013 varje dag. Perfektion fr\u00e5n fot till fingertopp.se. Boka tid nu V\u00e5ra Tj\u00e4nster Vi erbjuder noggrant utvalda behandlingar f\u00f6r naglar och f\u00f6tter, designade f\u00f6r att ge dig en stunds avkoppling och ett vackert resultat. V\u00e5rt m\u00e5l \u00e4r [&hellip;]<\/p>\n","protected":false},"author":1,"featured_media":0,"parent":0,"menu_order":0,"comment_status":"closed","ping_status":"closed","template":"","meta":{"footnotes":""},"class_list":["post-16","page","type-page","status-publish","hentry"],"_links":{"self":[{"href":"https:\/\/piffit.ext.lifeisahighway.se\/index.php?rest_route=\/wp\/v2\/pages\/16","targetHints":{"allow":["GET"]}}],"collection":[{"href":"https:\/\/piffit.ext.lifeisahighway.se\/index.php?rest_route=\/wp\/v2\/pages"}],"about":[{"href":"https:\/\/piffit.ext.lifeisahighway.se\/index.php?rest_route=\/wp\/v2\/types\/page"}],"author":[{"embeddable":true,"href":"https:\/\/piffit.ext.lifeisahighway.se\/index.php?rest_route=\/wp\/v2\/users\/1"}],"replies":[{"embeddable":true,"href":"https:\/\/piffit.ext.lifeisahighway.se\/index.php?rest_route=%2Fwp%2Fv2%2Fcomments&post=16"}],"version-history":[{"count":7,"href":"https:\/\/piffit.ext.lifeisahighway.se\/index.php?rest_route=\/wp\/v2\/pages\/16\/revisions"}],"predecessor-version":[{"id":65,"href":"https:\/\/piffit.ext.lifeisahighway.se\/index.php?rest_route=\/wp\/v2\/pages\/16\/revisions\/65"}],"wp:attachment":[{"href":"https:\/\/piffit.ext.lifeisahighway.se\/index.php?rest_route=%2Fwp%2Fv2%2Fmedia&parent=16"}],"curies":[{"name":"wp","href":"https:\/\/api.w.org\/{rel}","templated":true}]}}